{"id":1245,"date":"2020-10-17T10:57:53","date_gmt":"2020-10-17T10:57:53","guid":{"rendered":"https:\/\/rosenexpertin.at\/?page_id=1245"},"modified":"2020-11-02T17:47:50","modified_gmt":"2020-11-02T17:47:50","slug":"datenschutz","status":"publish","type":"page","link":"https:\/\/rosenexpertin.at\/?page_id=1245","title":{"rendered":"Datenschutz"},"content":{"rendered":"<section class=\"l-section wpb_row height_large\"><div class=\"l-section-h i-cf\"><div class=\"g-cols vc_row type_default valign_top\"><div class=\"vc_col-sm-12 wpb_column vc_column_container\"><div class=\"vc_column-inner\"><div class=\"wpb_wrapper\"><div class=\"wpb_text_column\" ><div class=\"wpb_wrapper\"><h3>Datenschutz<\/h3>\n<p>Der Schutz Ihrer pers\u00f6nlichen Daten ist mir ein besonderes Anliegen. Ich verarbeite Ihre Daten daher ausschlie\u00dflich auf Grundlage der gesetzlichen Bestimmungen (DSGVO, TKG 2003). In diesen Datenschutzinformationen informiere ich Sie \u00fcber die wichtigsten Aspekte der Datenverarbeitung im Rahmen meiner Website.<\/p>\n<p><strong>Kontakt mit mir<br \/><\/strong>Wenn Sie per Formular auf der Website oder per E-Mail Kontakt mit mir aufnehmen, werden Ihre angegebenen Daten zwecks Bearbeitung der Anfrage und f\u00fcr den Fall von Anschlussfragen bei uns gespeichert. Diese Daten gebe ich nicht ohne Ihre Einwilligung weiter.<\/p>\n<p><strong>Besuch der Website<br \/><\/strong>Wenn Sie meine Website besuchen, erhebe ich folgende Daten: IP-Adresse.<br \/>Sie k\u00f6nnen meine Website besuchen, ohne dass Sie Angaben zu Ihrer Person machen m\u00fcssen. Beim Aufruf werden lediglich bestimmte Zugriffsdaten (Ihre IP-Adresse sowie sonstige Metadaten, z.B. User Agent) insbesondere f\u00fcr Zwecke der Sicherheit sowie der Verbesserung der Websitequalit\u00e4t automationsunterst\u00fctzt verarbeitet aber nicht abgespeichert. Als blo\u00dfer Websitenutzer k\u00f6nnen Sie sich sohin unverbindlich \u00fcber mein Angebot und meine T\u00e4tigkeit informieren.<\/p>\n<p><strong>Urheberrechte<\/strong><br \/>Der Inhalt der Website ist urheberrechtlich gesch\u00fctzt. Die Bereitstellung von Inhalten und Bildmaterial dieser Webseiten auf anderen Webseiten ist nur mit ausdr\u00fccklicher Genehmigung gestattet. Die enthaltenen Angaben werden nach bestem Wissen erstellt und mit gro\u00dfer Sorgfalt auf ihre Richtigkeit gepr\u00fcft. Trotzdem sind inhaltliche und sachliche Fehler nicht vollst\u00e4ndig auszuschlie\u00dfen. Kerstin Regoli \u00fcbernimmt keine Garantie und Haftung f\u00fcr die Richtigkeit, Aktualit\u00e4t und Vollst\u00e4ndigkeit der Angaben. Alle Angaben sind ohne Gew\u00e4hr, das gilt auch f\u00fcr Links zu anderen URLs, die auf der Website eigebunden sind.<\/p>\n<p><strong>Links<br \/><\/strong>Ich \u00fcberpr\u00fcfe Links, die meine Webseite verlassen, sehr sorgf\u00e4ltig. Trotzdem \u00fcbernehme ich f\u00fcr Inhalte auf Seiten, auf die von dieser Webseite oder von einem anderen Internetauftritt aus gelinkt wird, keinerlei Verantwortung oder Haftung<\/p>\n<p><strong>Soziale Medien<\/strong><br \/>Unsere Webseite verlinkt auf unsere Social-Media-Seiten. Diese Buttons sind einfache Verlinkungen und \u00fcbermitteln keinerlei Daten.<\/p>\n<p><strong>Ihre Rechte<\/strong><br \/>Ihnen stehen bez\u00fcglich Ihrer bei mir gespeicherten Daten grunds\u00e4tzlich die Rechte auf Auskunft, Berichtigung, L\u00f6schung, Einschr\u00e4nkung, Daten\u00fcbertragbarkeit, Widerruf und Widerspruch zu. Wenn Sie glauben, dass die Verarbeitung Ihrer Daten gegen das Datenschutzrecht verst\u00f6\u00dft oder Ihre datenschutzrechtlichen Anspr\u00fcche sonst in einer Weise verletzt worden sind, k\u00f6nnen Sie sich bei mir oder der Datenschutzbeh\u00f6rde beschweren.<\/p>\n<p><strong>Sie erreichen mich unter folgenden Kontaktdaten<\/strong>:<\/p>\n<p>Rosenexpertin<br \/>Kerstin Regoli<br \/>+43\u00a0664 52 80\u00a0130<br \/><a href=\"mailto:info@rosenexpertin.at\">info@rosenexpertin.at<\/a><\/p>\n<p>\u00a0<\/p>\n<\/div><\/div><\/div><\/div><\/div><\/div><\/div><\/section>\n","protected":false},"excerpt":{"rendered":"Datenschutz Der Schutz Ihrer pers\u00f6nlichen Daten ist mir ein besonderes Anliegen. Ich verarbeite Ihre Daten daher ausschlie\u00dflich auf Grundlage der gesetzlichen Bestimmungen (DSGVO, TKG 2003). In diesen Datenschutzinformationen informiere ich Sie \u00fcber die wichtigsten Aspekte der Datenverarbeitung im Rahmen meiner Website. Kontakt mit mirWenn Sie per Formular auf der Website oder per E-Mail Kontakt mit...","protected":false},"author":1,"featured_media":0,"parent":0,"menu_order":0,"comment_status":"closed","ping_status":"closed","template":"","meta":{"footnotes":""},"class_list":["post-1245","page","type-page","status-publish","hentry"],"_links":{"self":[{"href":"https:\/\/rosenexpertin.at\/index.php?rest_route=\/wp\/v2\/pages\/1245","targetHints":{"allow":["GET"]}}],"collection":[{"href":"https:\/\/rosenexpertin.at\/index.php?rest_route=\/wp\/v2\/pages"}],"about":[{"href":"https:\/\/rosenexpertin.at\/index.php?rest_route=\/wp\/v2\/types\/page"}],"author":[{"embeddable":true,"href":"https:\/\/rosenexpertin.at\/index.php?rest_route=\/wp\/v2\/users\/1"}],"replies":[{"embeddable":true,"href":"https:\/\/rosenexpertin.at\/index.php?rest_route=%2Fwp%2Fv2%2Fcomments&post=1245"}],"version-history":[{"count":6,"href":"https:\/\/rosenexpertin.at\/index.php?rest_route=\/wp\/v2\/pages\/1245\/revisions"}],"predecessor-version":[{"id":1637,"href":"https:\/\/rosenexpertin.at\/index.php?rest_route=\/wp\/v2\/pages\/1245\/revisions\/1637"}],"wp:attachment":[{"href":"https:\/\/rosenexpertin.at\/index.php?rest_route=%2Fwp%2Fv2%2Fmedia&parent=1245"}],"curies":[{"name":"wp","href":"https:\/\/api.w.org\/{rel}","templated":true}]}}